 derivative of -m**4/12 + 5*m**3 - 16*m**2 - 7*m - 2. Let a be o(22). What is the greatest common factor of p and a?
16
Let b(v) = -v**3 + v**2 + 4*v + 68. Let q be (-2)/1 - (4 + 1 + -7). Let o be b(q). Suppose -86 - o = -2*c. What is the highest common factor of c and 7?
7
Suppose 5*t = -4*t + 126. Suppose -3*c = -o - t, -3*c + 4*o = -o - 10. What is the highest common divisor of 45 and c?
5
Let d = -32335 - -32366. What is the greatest common divisor of d and 13?
1
Suppose 329*i - 2084946 = 463235 + 2144017. What is the greatest common factor of 6 and i?
6
Let z(c) = c**3 + 7*c**2 - 27*c + 8. Let h be z(-11). Let g = h + 355. Calculate the greatest common divisor of g and 22.
22
Suppose -5*f + 179 = 149, 2*f = -4*o + 28. What is the greatest common divisor of o and 422?
2
Let q = 58136 + -58084. Let p be -1 - 53*(2 + -3). Suppose h + 3*h - p = 0. What is the greatest common divisor of h and q?
13
Let j(i) = -73*i - 154. Suppose -2*a + 5*y = a - 11, -5*a + 3*y - 3 = 0. Let c be j(a). What is the greatest common divisor of c and 325?
65
Let k be 3 - -1 - 120/(-40). Suppose 0 = -3*z - 15, k*x - 3*x - z - 45 = 0. What is the greatest common factor of 150 and x?
10
Suppose 4*k - 219 = 45. Suppose 88*t + 2*o + 52 = 89*t, 2*t = -4*o + 72. What is the greatest common divisor of t and k?
22
Let i(y) = -5*y**3 - 3*y**2 - 272*y + 252. Let f be i(0). Let l = -172 - -340. What is the highest common divisor of l and f?
84
Suppose -341*a - 360*a = -147*a - 100828. Suppose 22 = s - 6. What is the highest common divisor of a and s?
14
Suppose -17*t + 19487 + 40132 = 0. Let l = -2202 + t. Suppose -l = -5*q - 5*v, 3*v + v - 788 = -3*q. Calculate the greatest common factor of 32 and q.
32
Let u = -10539 + 10614. Suppose 0 = 4*w + 11 + 9. Let b be (4/10)/(w/(-625)). What is the highest common factor of u and b?
25
Suppose -266 = 2*d + 5*v, -3*d - 4*v = 380 + 26. Let k = -120 - d. What is the greatest common factor of k and 126?
18
Let w(r) = -2*r**3 + 29*r**2 - 87*r - 6. Let v be w(7). Let h(b) = 4*b**2 - 4*b - 3. Let q be h(4). Calculate the greatest common factor of q and v.
15
Let m be (-39797)/(-85) - (4/10)/2. Let c = 594 - m. What is the highest common divisor of 18 and c?
18
Suppose 16*t - 6*t - 2893 = 12477. Calculate the greatest common divisor of t and 87.
29
Suppose x = 2*z - 8, -5*z + 3*x + 35 = 8*x. Suppose -1194 = -z*i + 2*j, -3*i + 3*j = -0*j - 720. What is the highest common factor of i and 14?
14
Suppose 13*y - 35863 = -6288. What is the greatest common factor of y and 1050?
175
Suppose -3*v = -j - 24, 4*j + 4*v + 1 = -15. Let b be (-15)/j - 1600/(-12). Calculate the greatest common divisor of b and 30.
15
Let r be (106/(-4))/(10/260) - -2. Let n be r/(-15) - (-8)/(-10). What is the highest common divisor of 45 and n?
45
Let z = 720 + -636. Suppose -65*j + 71*j - z = 0. Calculate the highest common divisor of j and 203.
7
Let p = 361 - 361. Suppose -4*r - 5*v + 81 = p, r + 14 = -v + 34. Calculate the greatest common factor of 171 and r.
19
Suppose j + 6 = 5, 0 = l - 5*j - 10. Suppose -40*w = 29010 + 6990. Let z = 945 + w. Calculate the highest common divisor of z and l.
5
Let m(l) = 18*l**2 - 151*l + 151. Let q be m(1). Calculate the greatest common divisor of 51 and q.
3
Let n = -1772 + 1853. What is the highest common divisor of 1350 and n?
27
Let v = -5 - -18. Suppose 3*w + 5*d = -v, -w - 4*d - 40 = -6*w. Calculate the greatest common factor of w and 52.
4
Let r(k) = k**2 + 2*k - 22. Let p be r(-6). Let u be (2/p)/((-10)/(-10)). What is the highest common factor of 5 and u?
1
Let d = -67 - -73. Suppose -v - 3*p = 5, -2*p - d = -4*v + 2. Let w be 1 + 2 + -1*1/v. Calculate the highest common divisor of 3 and w.
1
Suppose 0 = 13*k + 65 - 221. Let v be (k - 18)*2/(-3). Suppose -2 = -5*q + 3. What is the greatest common divisor of q and v?
1
Let r be 75 + 14 + -20 + 45/3. Let v(s) = -3*s + 2. Let j be v(-3). Suppose j*z = 7*z + r. Calculate the greatest common factor of z and 231.
21
Let w be 118 + 32693 - (5 - -13). What is the highest common divisor of 51 and w?
51
Let d(b) = -1 + 38 + 3 - 6 + 39 + 51*b. Let y be d(5). Calculate the greatest common divisor of y and 8.
8
Suppose -378 = 58*r - 64*r. What is the highest common divisor of r and 72?
9
Let l = 2730 + -1625. Calculate the highest common divisor of 255 and l.
85
Suppose 8*u = 3481 + 8283 - 2612. Calculate the greatest common divisor of u and 104.
104
Let p be (-1 + (-21)/(-6))/(7/98). Suppose -23*o - p = -24*o. Calculate the greatest common divisor of 7 and o.
7
Suppose 704 = -8*t + 30*t. Let c be 5*2/(-12)*-6 - 2. Let g(h) = -h**3 + 6*h**2 + 4*h - 7. Let q be g(c). Calculate the highest common factor of q and t.
32
Let o(d) = d**3 + 24*d**2 + 121*d + 1. Let y be o(-13). What is the highest common factor of y and 42?
7
Let u be 50*(1 + -2)/(38/(-19)). Suppose -73 = -k - i + u, 2*k - 198 = -3*i. What is the greatest common divisor of k and 128?
32
Let f = 305 - 277. Let t(g) = 4*g**2 + 6*g - 15. Let d be t(5). Suppose w + 7 = b + d, 3*b - 124 = -w. What is the highest common divisor of w and f?
28
Let z = -23750 - -23802. Let o = 33 - 20. Calculate the greatest common divisor of z and o.
13
Suppose 1050 = -834*u + 859*u. What is the greatest common divisor of u and 105?
21
Let m be (-5)/((-10)/6) + -3. Suppose -4*x - s + 9 = m, -2*s - 3 = -0*x + x. Suppose -x*k + 48 = -0*k. What is the highest common factor of k and 64?
16
Suppose -133*i + 64306 = -59*i. What is the highest common divisor of i and 632?
79
Suppose 3*j - 15*s + 10*s - 535 = 0, 5*s = -5*j + 945. What is the highest common divisor of j and 4033?
37
Let k = 1928 + -1792. What is the greatest common divisor of 102 and k?
34
Suppose -59*n + 1680 = -29*n. Suppose i + 3*i = -x + 13, -2*i + 11 = -x. Suppose -i*j = -9*j + 35. Calculate the highest common factor of n and j.
7
Let o = 824 - 458. What is the greatest common factor of 2806 and o?
122
Suppose 0 = -3*h + 6*h, 4*x = -3*h + 40. Let o(d) = d**3 - 10*d**2 + 10*d - 21. Let q be o(x). Let f = -34 + q. What is the greatest common divisor of f and 10?
5
Suppose 5*b = -43*h + 46*h - 562, 2*h - 5*b - 373 = 0. Calculate the highest common factor of 108 and h.
27
Suppose 67*f + 687 = 1223. Calculate the highest common divisor of 1728 and f.
8
Let y(p) = -p**3 + 6*p**2 + 3*p - 8. Let i be y(6). Let x = -11 + i. Let b be (-4)/14 + 678/21 - x. Calculate the highest common factor of 11 and b.
11
Suppose -11*b + 65 = 2*b. Suppose -5*t + 0*q = b*q - 430, 3*q = 5*t - 438. Calculate the greatest common factor of t and 3.
3
Let f be (0 - 1)*18*-5*(-339)/(-226). What is the highest common factor of f and 95?
5
Suppose 0 = j - 0*q - q - 6, 6 = -3*j - 3*q. Suppose -3*f + 2*a + 13 = j, -22 = -2*f + 5*a. What is the highest common divisor of f and 5?
1
Let r be (2/(-4))/(4/(-40)). Let y(v) = -10*v + 182. Let h be y(18). Suppose h*k - 45 = -r. Calculate the highest common factor of k and 30.
10
Suppose 1245*i = 3*a + 1250*i - 1259, 1257 = 3*a + 3*i. Suppose 0 = -2*s - 3*s + 110. What is the greatest common divisor of s and a?
22
Suppose 0 = 3*z - 208 - 5. Let c = z - 1. Let k = c + -69. What is the greatest common factor of 1 and k?
1
Let v(i) = -i**2 + 13*i - 27. Let r be v(8). Suppose 4*k = 18*m - r*m - 136, -m + 36 = -3*k. What is the highest common factor of m and 84?
12
Let d = -3 + 9. Suppose 46*w - 13650 = 21*w. Suppose 75*c - w = 62*c. Calculate the greatest common factor of d and c.
6
Suppose -3400 = 25*j + 6550. Let k = j - -414. Calculate the highest common divisor of k and 12.
4
Let g be ((-8)/1)/((-3)/6). Let n(s) = -s**2 + 5*s + 14. Let d be n(-2). Let m be 4*(d - -4 - -6). What is the highest common factor of m and g?
8
Let o(u) = 68*u + 1156. Let y be o(7). Calculate the greatest common factor of 12 and y.
12
Let b = 4189 + -4173. What is the highest common divisor of 5024 and b?
16
Let d = -12837 - -13460. Calculate the greatest common factor of d and 1602.
89
Let l be 3*(7/3 - 8/6). Suppose -4*y + 7*y - 3*w = 492, -l*w - 324 = -2*y. Calculate the greatest common factor of y and 21.
21
Let x(p) = 16*p**2 - 23*p - 85. Let f be x(-18). Calculate the highest common divisor of 149 and f.
149
Let z be ((-16)/(-12))/(40/3000). What is the greatest common factor of z and 17300?
100
